Dec 03 07:18:24.340 INFO testing google-somethin-0.1.4 against master#8940af3cea4a9a9deabcaf843b2f8cad9a83fc61 for beta-1.31-5
Dec 03 07:18:24.340 INFO running `"docker" "create" "-v" "/mnt/big/crater/work/local/target-dirs/beta-1.31-5/worker-1/master#8940af3cea4a9a9deabcaf843b2f8cad9a83fc61:/target:rw,Z" "-v" "/mnt/big/crater/work/local/test-source/worker-1/beta-1.31-5/master#8940af3cea4a9a9deabcaf843b2f8cad9a83fc61:/source:ro,Z" "-v" "/mnt/big/crater/work/local/cargo-home:/cargo-home:ro,Z" "-v" "/mnt/big/crater/work/local/rustup-home:/rustup-home:ro,Z" "-e" "USER_ID=1000" "-e" "SOURCE_DIR=/source" "-e" "USER_ID=1000" "-e" "CMD=cargo +8940af3cea4a9a9deabcaf843b2f8cad9a83fc61-alt build --frozen" "-e" "CARGO_TARGET_DIR=/target" "-e" "CARGO_INCREMENTAL=0" "-e" "RUST_BACKTRACE=full" "-e" "RUSTFLAGS=--cap-lints=warn" "-e" "CARGO_HOME=/cargo-home" "-e" "RUSTUP_HOME=/rustup-home" "-m" "1536M" "--network" "none" "crater"`
Dec 03 07:18:24.805 INFO [stdout] 2035cc6fd05b512e3bce1a194ef6308cdc8412d76793f5ea9f4c1c85a8ea8be0
Dec 03 07:18:24.807 INFO running `"docker" "start" "-a" "2035cc6fd05b512e3bce1a194ef6308cdc8412d76793f5ea9f4c1c85a8ea8be0"`
Dec 03 07:18:26.115 INFO [stderr] usermod: no changes
Dec 03 07:18:26.523 INFO [stderr]    Compiling nodrop v0.1.13
Dec 03 07:18:26.543 INFO [stderr]    Compiling syn v0.14.9
Dec 03 07:18:26.548 INFO [stderr]    Compiling string_cache v0.6.2
Dec 03 07:18:26.548 INFO [stderr]    Compiling markup5ever v0.3.2
Dec 03 07:18:26.548 INFO [stderr]    Compiling cssparser-macros v0.3.5
Dec 03 07:18:26.548 INFO [stderr]    Compiling selectors v0.20.0
Dec 03 07:18:26.579 INFO [stderr]    Compiling html5ever v0.22.5
Dec 03 07:18:28.183 INFO [stderr]    Compiling arrayvec v0.4.8
Dec 03 07:18:28.185 INFO [stderr]    Compiling servo_arc v0.1.1
Dec 03 07:18:35.511 INFO [stderr]    Compiling crossbeam-epoch v0.6.1
Dec 03 07:18:41.911 INFO [stderr]    Compiling crossbeam-deque v0.6.2
Dec 03 07:18:46.215 INFO [stderr]    Compiling tokio-threadpool v0.1.9
Dec 03 07:19:00.607 INFO [stderr]    Compiling tokio-fs v0.1.4
Dec 03 07:19:07.596 INFO [stderr]    Compiling tokio v0.1.13
Dec 03 07:19:10.017 INFO [stderr]    Compiling html5ever v0.18.0
Dec 03 07:19:24.237 INFO [stderr]    Compiling hyper v0.12.16
Dec 03 07:19:26.394 INFO [stderr]    Compiling select v0.4.2
Dec 03 07:19:29.547 INFO [stderr]    Compiling cssparser v0.24.1
Dec 03 07:19:50.776 INFO [stderr]    Compiling hyper-tls v0.3.1
Dec 03 07:19:57.778 INFO [stderr]    Compiling reqwest v0.9.5
Dec 03 07:20:05.433 INFO [stderr]    Compiling scraper v0.8.1
Dec 03 07:20:27.068 INFO [stderr]    Compiling google-somethin v0.1.4 (/source)
Dec 03 07:20:36.267 INFO [stderr]     Finished dev [unoptimized + debuginfo] target(s) in 2m 10s
Dec 03 07:20:36.283 INFO [stderr] su: No module specific data is present
Dec 03 07:20:37.321 INFO running `"docker" "inspect" "2035cc6fd05b512e3bce1a194ef6308cdc8412d76793f5ea9f4c1c85a8ea8be0"`
Dec 03 07:20:37.600 INFO running `"docker" "rm" "-f" "2035cc6fd05b512e3bce1a194ef6308cdc8412d76793f5ea9f4c1c85a8ea8be0"`
Dec 03 07:20:37.970 INFO [stdout] 2035cc6fd05b512e3bce1a194ef6308cdc8412d76793f5ea9f4c1c85a8ea8be0
Dec 03 07:20:37.979 INFO running `"docker" "create" "-v" "/mnt/big/crater/work/local/target-dirs/beta-1.31-5/worker-1/master#8940af3cea4a9a9deabcaf843b2f8cad9a83fc61:/target:rw,Z" "-v" "/mnt/big/crater/work/local/test-source/worker-1/beta-1.31-5/master#8940af3cea4a9a9deabcaf843b2f8cad9a83fc61:/source:ro,Z" "-v" "/mnt/big/crater/work/local/cargo-home:/cargo-home:ro,Z" "-v" "/mnt/big/crater/work/local/rustup-home:/rustup-home:ro,Z" "-e" "USER_ID=1000" "-e" "SOURCE_DIR=/source" "-e" "USER_ID=1000" "-e" "CMD=cargo +8940af3cea4a9a9deabcaf843b2f8cad9a83fc61-alt test --frozen --no-run" "-e" "CARGO_TARGET_DIR=/target" "-e" "CARGO_INCREMENTAL=0" "-e" "RUST_BACKTRACE=full" "-e" "RUSTFLAGS=--cap-lints=warn" "-e" "CARGO_HOME=/cargo-home" "-e" "RUSTUP_HOME=/rustup-home" "-m" "1536M" "--network" "none" "crater"`
Dec 03 07:20:38.431 INFO [stdout] b4600b9bfe35f3cb658cc22ec455e93733f743e2db0376a2626695f44db22e54
Dec 03 07:20:38.433 INFO running `"docker" "start" "-a" "b4600b9bfe35f3cb658cc22ec455e93733f743e2db0376a2626695f44db22e54"`
Dec 03 07:20:39.915 INFO [stderr] usermod: no changes
Dec 03 07:20:40.209 INFO [stderr]    Compiling google-somethin v0.1.4 (/source)
Dec 03 07:20:55.115 INFO [stderr]     Finished dev [unoptimized + debuginfo] target(s) in 15.17s
Dec 03 07:20:55.141 INFO [stderr] su: No module specific data is present
Dec 03 07:20:55.993 INFO running `"docker" "inspect" "b4600b9bfe35f3cb658cc22ec455e93733f743e2db0376a2626695f44db22e54"`
Dec 03 07:20:56.346 INFO running `"docker" "rm" "-f" "b4600b9bfe35f3cb658cc22ec455e93733f743e2db0376a2626695f44db22e54"`
Dec 03 07:20:56.623 INFO [stdout] b4600b9bfe35f3cb658cc22ec455e93733f743e2db0376a2626695f44db22e54
Dec 03 07:20:56.629 INFO running `"docker" "create" "-v" "/mnt/big/crater/work/local/target-dirs/beta-1.31-5/worker-1/master#8940af3cea4a9a9deabcaf843b2f8cad9a83fc61:/target:rw,Z" "-v" "/mnt/big/crater/work/local/test-source/worker-1/beta-1.31-5/master#8940af3cea4a9a9deabcaf843b2f8cad9a83fc61:/source:ro,Z" "-v" "/mnt/big/crater/work/local/cargo-home:/cargo-home:ro,Z" "-v" "/mnt/big/crater/work/local/rustup-home:/rustup-home:ro,Z" "-e" "USER_ID=1000" "-e" "SOURCE_DIR=/source" "-e" "USER_ID=1000" "-e" "CMD=cargo +8940af3cea4a9a9deabcaf843b2f8cad9a83fc61-alt test --frozen" "-e" "CARGO_TARGET_DIR=/target" "-e" "CARGO_INCREMENTAL=0" "-e" "RUST_BACKTRACE=full" "-e" "RUSTFLAGS=--cap-lints=warn" "-e" "CARGO_HOME=/cargo-home" "-e" "RUSTUP_HOME=/rustup-home" "-m" "1536M" "--network" "none" "crater"`
Dec 03 07:20:57.128 INFO [stdout] 79bb444913893b7a956b88335de49e61c296d616e0d980d4b0b8fbd66ae10875
Dec 03 07:20:57.132 INFO running `"docker" "start" "-a" "79bb444913893b7a956b88335de49e61c296d616e0d980d4b0b8fbd66ae10875"`
Dec 03 07:20:58.362 INFO [stderr] usermod: no changes
Dec 03 07:20:58.743 INFO [stderr]     Finished dev [unoptimized + debuginfo] target(s) in 0.34s
Dec 03 07:20:58.795 INFO [stderr]      Running /target/debug/deps/google_somethin-ae951581a060f2c6
Dec 03 07:20:58.803 INFO [stdout] 
Dec 03 07:20:58.803 INFO [stdout] running 2 tests
Dec 03 07:20:59.091 INFO [stdout] test google_somethin_tests::google_title ... FAILED
Dec 03 07:20:59.093 INFO [stdout] test google_somethin_tests::google_link ... FAILED
Dec 03 07:20:59.094 INFO [stdout] 
Dec 03 07:20:59.094 INFO [stdout] failures:
Dec 03 07:20:59.094 INFO [stdout] 
Dec 03 07:20:59.094 INFO [stdout] ---- google_somethin_tests::google_title stdout ----
Dec 03 07:20:59.094 INFO [stdout] thread 'google_somethin_tests::google_title' panicked at 'called `Result::unwrap()` on an `Err` value: Inner { kind: Hyper(Error { kind: Connect, cause: Custom { kind: Other, error: StringError("failed to lookup address information: Temporary failure in name resolution") } }), url: Some("https://www.google.com/search?q=minecraft&gws_rd=ssl&num=10") }', libcore/result.rs:1009:5
Dec 03 07:20:59.094 INFO [stdout] stack backtrace:
Dec 03 07:20:59.094 INFO [stdout]    0:     0x563696f27a9f - std::sys::unix::backtrace::tracing::imp::unwind_backtrace::h3a8b83e1922cbdde
Dec 03 07:20:59.094 INFO [stdout]                                at libstd/sys/unix/backtrace/tracing/gcc_s.rs:49
Dec 03 07:20:59.094 INFO [stdout]    1:     0x563696f31607 - std::sys_common::backtrace::print::h00d3155a29b4020f
Dec 03 07:20:59.094 INFO [stdout]                                at libstd/sys_common/backtrace.rs:71
Dec 03 07:20:59.094 INFO [stdout]                                at libstd/sys_common/backtrace.rs:59
Dec 03 07:20:59.094 INFO [stdout]    2:     0x563696f2bebf - std::panicking::default_hook::{{closure}}::hd7465c742e79e1bb
Dec 03 07:20:59.094 INFO [stdout]                                at libstd/panicking.rs:211
Dec 03 07:20:59.094 INFO [stdout]    3:     0x563696f2bbbe - std::panicking::default_hook::h9e3966f2aa2a6e12
Dec 03 07:20:59.094 INFO [stdout]                                at libstd/panicking.rs:221
Dec 03 07:20:59.094 INFO [stdout]    4:     0x563696f2c59e - std::panicking::rust_panic_with_hook::h587f091ae747d080
Dec 03 07:20:59.094 INFO [stdout]                                at libstd/panicking.rs:476
Dec 03 07:20:59.094 INFO [stdout]    5:     0x563696f2c141 - std::panicking::continue_panic_fmt::hb3a4fdede87f43a8
Dec 03 07:20:59.094 INFO [stdout]                                at libstd/panicking.rs:390
Dec 03 07:20:59.094 INFO [stdout]    6:     0x563696f2c025 - rust_begin_unwind
Dec 03 07:20:59.094 INFO [stdout]                                at libstd/panicking.rs:325
Dec 03 07:20:59.094 INFO [stdout]    7:     0x563696f705dc - core::panicking::panic_fmt::h6f9cebf5e7474a0b
Dec 03 07:20:59.094 INFO [stdout]                                at libcore/panicking.rs:77
Dec 03 07:20:59.094 INFO [stdout]    8:     0x563696a35cd5 - core::result::unwrap_failed::h19d4da50bba342e5
Dec 03 07:20:59.094 INFO [stdout]                                at libcore/macros.rs:26
Dec 03 07:20:59.094 INFO [stdout]    9:     0x5636968916ea - <core::result::Result<T, E>>::unwrap::hca33d3f447a4539e
Dec 03 07:20:59.094 INFO [stdout]                                at libcore/result.rs:808
Dec 03 07:20:59.094 INFO [stdout]   10:     0x56369688c59c - google_somethin::managers::grab_body::he44a489a7a58f688
Dec 03 07:20:59.094 INFO [stdout]                                at src/managers.rs:16
Dec 03 07:20:59.094 INFO [stdout]   11:     0x56369688ccaf - google_somethin::managers::return_results::hebbd781064ba5aa6
Dec 03 07:20:59.094 INFO [stdout]                                at src/managers.rs:45
Dec 03 07:20:59.094 INFO [stdout]   12:     0x56369688efdf - google_somethin::google::h842725687e5ed5f1
Dec 03 07:20:59.094 INFO [stdout]                                at src/lib.rs:45
Dec 03 07:20:59.094 INFO [stdout]   13:     0x563696890630 - google_somethin::google_somethin_tests::google_title::hd3a80ff54291b3e2
Dec 03 07:20:59.094 INFO [stdout]                                at src/lib.rs:54
Dec 03 07:20:59.094 INFO [stdout]   14:     0x5636968905e9 - google_somethin::google_somethin_tests::google_title::{{closure}}::h32ae4cbed04f83c5
Dec 03 07:20:59.094 INFO [stdout]                                at src/lib.rs:53
Dec 03 07:20:59.094 INFO [stdout]   15:     0x56369689199d - core::ops::function::FnOnce::call_once::h5ded5358811d809c
Dec 03 07:20:59.094 INFO [stdout]                                at libcore/ops/function.rs:238
Dec 03 07:20:59.094 INFO [stdout]   16:     0x56369689611e - <F as alloc::boxed::FnBox<A>>::call_box::hac903f91577a156c
Dec 03 07:20:59.094 INFO [stdout]                                at libtest/lib.rs:1468
Dec 03 07:20:59.094 INFO [stdout]                                at libcore/ops/function.rs:238
Dec 03 07:20:59.094 INFO [stdout]                                at liballoc/boxed.rs:672
Dec 03 07:20:59.094 INFO [stdout]   17:     0x563696f3c5b9 - __rust_maybe_catch_panic
Dec 03 07:20:59.094 INFO [stdout]                                at libpanic_unwind/lib.rs:102
Dec 03 07:20:59.094 INFO [stdout]   18:     0x5636968b7d72 - std::sys_common::backtrace::__rust_begin_short_backtrace::hb8f0d0309526c184
Dec 03 07:20:59.094 INFO [stdout]                                at libstd/panicking.rs:289
Dec 03 07:20:59.094 INFO [stdout]                                at libstd/panic.rs:392
Dec 03 07:20:59.094 INFO [stdout]                                at libtest/lib.rs:1423
Dec 03 07:20:59.094 INFO [stdout]                                at libstd/sys_common/backtrace.rs:136
Dec 03 07:20:59.094 INFO [stdout]   19:     0x5636968b8824 - std::panicking::try::do_call::hc2f7c8b9a348d8db
Dec 03 07:20:59.094 INFO [stdout]                                at libstd/thread/mod.rs:409
Dec 03 07:20:59.094 INFO [stdout]                                at libstd/panic.rs:313
Dec 03 07:20:59.094 INFO [stdout]                                at libstd/panicking.rs:310
Dec 03 07:20:59.094 INFO [stdout]   20:     0x563696f3c5b9 - __rust_maybe_catch_panic
Dec 03 07:20:59.094 INFO [stdout]                                at libpanic_unwind/lib.rs:102
Dec 03 07:20:59.094 INFO [stdout]   21:     0x5636968a5a5c - <F as alloc::boxed::FnBox<A>>::call_box::h6bfded618e480b32
Dec 03 07:20:59.094 INFO [stdout]                                at libstd/panicking.rs:289
Dec 03 07:20:59.094 INFO [stdout]                                at libstd/panic.rs:392
Dec 03 07:20:59.094 INFO [stdout]                                at libstd/thread/mod.rs:408
Dec 03 07:20:59.094 INFO [stdout]                                at liballoc/boxed.rs:672
Dec 03 07:20:59.094 INFO [stdout]   22:     0x563696f29bad - std::sys_common::thread::start_thread::h4c28257d67cdf9cb
Dec 03 07:20:59.094 INFO [stdout]                                at liballoc/boxed.rs:682
Dec 03 07:20:59.094 INFO [stdout]                                at libstd/sys_common/thread.rs:24
Dec 03 07:20:59.094 INFO [stdout]   23:     0x563696f1bde5 - std::sys::unix::thread::Thread::new::thread_start::hfecb2e7eff8fd34f
Dec 03 07:20:59.094 INFO [stdout]                                at libstd/sys/unix/thread.rs:90
Dec 03 07:20:59.094 INFO [stdout]   24:     0x7fa9256a66b9 - start_thread
Dec 03 07:20:59.094 INFO [stdout]   25:     0x7fa9251c641c - clone
Dec 03 07:20:59.094 INFO [stdout]   26:                0x0 - <unknown>
Dec 03 07:20:59.094 INFO [stdout] 
Dec 03 07:20:59.094 INFO [stdout] ---- google_somethin_tests::google_link stdout ----
Dec 03 07:20:59.094 INFO [stdout] thread 'google_somethin_tests::google_link' panicked at 'called `Result::unwrap()` on an `Err` value: Inner { kind: Hyper(Error { kind: Connect, cause: Custom { kind: Other, error: StringError("failed to lookup address information: Temporary failure in name resolution") } }), url: Some("https://www.google.com/search?q=minecraft&gws_rd=ssl&num=10") }', libcore/result.rs:1009:5
Dec 03 07:20:59.094 INFO [stdout] stack backtrace:
Dec 03 07:20:59.094 INFO [stdout]    0:     0x563696f27a9f - std::sys::unix::backtrace::tracing::imp::unwind_backtrace::h3a8b83e1922cbdde
Dec 03 07:20:59.094 INFO [stdout]                                at libstd/sys/unix/backtrace/tracing/gcc_s.rs:49
Dec 03 07:20:59.094 INFO [stdout]    1:     0x563696f31607 - std::sys_common::backtrace::print::h00d3155a29b4020f
Dec 03 07:20:59.094 INFO [stdout]                                at libstd/sys_common/backtrace.rs:71
Dec 03 07:20:59.094 INFO [stdout]                                at libstd/sys_common/backtrace.rs:59
Dec 03 07:20:59.094 INFO [stdout]    2:     0x563696f2bebf - std::panicking::default_hook::{{closure}}::hd7465c742e79e1bb
Dec 03 07:20:59.094 INFO [stdout]                                at libstd/panicking.rs:211
Dec 03 07:20:59.094 INFO [stdout]    3:     0x563696f2bbbe - std::panicking::default_hook::h9e3966f2aa2a6e12
Dec 03 07:20:59.095 INFO [stdout]                                at libstd/panicking.rs:221
Dec 03 07:20:59.095 INFO [stdout]    4:     0x563696f2c59e - std::panicking::rust_panic_with_hook::h587f091ae747d080
Dec 03 07:20:59.095 INFO [stdout]                                at libstd/panicking.rs:476
Dec 03 07:20:59.095 INFO [stdout]    5:     0x563696f2c141 - std::panicking::continue_panic_fmt::hb3a4fdede87f43a8
Dec 03 07:20:59.095 INFO [stdout]                                at libstd/panicking.rs:390
Dec 03 07:20:59.095 INFO [stdout]    6:     0x563696f2c025 - rust_begin_unwind
Dec 03 07:20:59.095 INFO [stdout]                                at libstd/panicking.rs:325
Dec 03 07:20:59.095 INFO [stdout]    7:     0x563696f705dc - core::panicking::panic_fmt::h6f9cebf5e7474a0b
Dec 03 07:20:59.095 INFO [stdout]                                at libcore/panicking.rs:77
Dec 03 07:20:59.095 INFO [stdout]    8:     0x563696a35cd5 - core::result::unwrap_failed::h19d4da50bba342e5
Dec 03 07:20:59.095 INFO [stdout]                                at libcore/macros.rs:26
Dec 03 07:20:59.095 INFO [stdout]    9:     0x5636968916ea - <core::result::Result<T, E>>::unwrap::hca33d3f447a4539e
Dec 03 07:20:59.095 INFO [stdout]                                at libcore/result.rs:808
Dec 03 07:20:59.095 INFO [stdout]   10:     0x56369688c59c - google_somethin::managers::grab_body::he44a489a7a58f688
Dec 03 07:20:59.095 INFO [stdout]                                at src/managers.rs:16
Dec 03 07:20:59.095 INFO [stdout]   11:     0x56369688ccaf - google_somethin::managers::return_results::hebbd781064ba5aa6
Dec 03 07:20:59.095 INFO [stdout]                                at src/managers.rs:45
Dec 03 07:20:59.095 INFO [stdout]   12:     0x56369688efdf - google_somethin::google::h842725687e5ed5f1
Dec 03 07:20:59.095 INFO [stdout]                                at src/lib.rs:45
Dec 03 07:20:59.095 INFO [stdout]   13:     0x563696890860 - google_somethin::google_somethin_tests::google_link::h35b1e30a2045a922
Dec 03 07:20:59.095 INFO [stdout]                                at src/lib.rs:60
Dec 03 07:20:59.095 INFO [stdout]   14:     0x563696890819 - google_somethin::google_somethin_tests::google_link::{{closure}}::h4d0193941d64e2a0
Dec 03 07:20:59.095 INFO [stdout]                                at src/lib.rs:59
Dec 03 07:20:59.095 INFO [stdout]   15:     0x5636968919dd - core::ops::function::FnOnce::call_once::h9f9e6d562261ea41
Dec 03 07:20:59.095 INFO [stdout]                                at libcore/ops/function.rs:238
Dec 03 07:20:59.095 INFO [stdout]   16:     0x56369689611e - <F as alloc::boxed::FnBox<A>>::call_box::hac903f91577a156c
Dec 03 07:20:59.095 INFO [stdout]                                at libtest/lib.rs:1468
Dec 03 07:20:59.095 INFO [stdout]                                at libcore/ops/function.rs:238
Dec 03 07:20:59.095 INFO [stdout]                                at liballoc/boxed.rs:672
Dec 03 07:20:59.095 INFO [stdout]   17:     0x563696f3c5b9 - __rust_maybe_catch_panic
Dec 03 07:20:59.095 INFO [stdout]                                at libpanic_unwind/lib.rs:102
Dec 03 07:20:59.095 INFO [stdout]   18:     0x5636968b7d72 - std::sys_common::backtrace::__rust_begin_short_backtrace::hb8f0d0309526c184
Dec 03 07:20:59.095 INFO [stdout]                                at libstd/panicking.rs:289
Dec 03 07:20:59.095 INFO [stdout]                                at libstd/panic.rs:392
Dec 03 07:20:59.095 INFO [stdout]                                at libtest/lib.rs:1423
Dec 03 07:20:59.095 INFO [stdout]                                at libstd/sys_common/backtrace.rs:136
Dec 03 07:20:59.095 INFO [stdout]   19:     0x5636968b8824 - std::panicking::try::do_call::hc2f7c8b9a348d8db
Dec 03 07:20:59.095 INFO [stdout]                                at libstd/thread/mod.rs:409
Dec 03 07:20:59.095 INFO [stdout]                                at libstd/panic.rs:313
Dec 03 07:20:59.095 INFO [stdout]                                at libstd/panicking.rs:310
Dec 03 07:20:59.095 INFO [stdout]   20:     0x563696f3c5b9 - __rust_maybe_catch_panic
Dec 03 07:20:59.095 INFO [stdout]                                at libpanic_unwind/lib.rs:102
Dec 03 07:20:59.095 INFO [stdout]   21:     0x5636968a5a5c - <F as alloc::boxed::FnBox<A>>::call_box::h6bfded618e480b32
Dec 03 07:20:59.095 INFO [stdout]                                at libstd/panicking.rs:289
Dec 03 07:20:59.095 INFO [stdout]                                at libstd/panic.rs:392
Dec 03 07:20:59.095 INFO [stdout]                                at libstd/thread/mod.rs:408
Dec 03 07:20:59.095 INFO [stdout]                                at liballoc/boxed.rs:672
Dec 03 07:20:59.095 INFO [stdout]   22:     0x563696f29bad - std::sys_common::thread::start_thread::h4c28257d67cdf9cb
Dec 03 07:20:59.095 INFO [stdout]                                at liballoc/boxed.rs:682
Dec 03 07:20:59.095 INFO [stdout]                                at libstd/sys_common/thread.rs:24
Dec 03 07:20:59.095 INFO [stdout]   23:     0x563696f1bde5 - std::sys::unix::thread::Thread::new::thread_start::hfecb2e7eff8fd34f
Dec 03 07:20:59.095 INFO [stdout]                                at libstd/sys/unix/thread.rs:90
Dec 03 07:20:59.095 INFO [stdout]   24:     0x7fa9256a66b9 - start_thread
Dec 03 07:20:59.095 INFO [stdout]   25:     0x7fa9251c641c - clone
Dec 03 07:20:59.095 INFO [stdout]   26:                0x0 - <unknown>
Dec 03 07:20:59.095 INFO [stdout] 
Dec 03 07:20:59.095 INFO [stdout] 
Dec 03 07:20:59.095 INFO [stdout] failures:
Dec 03 07:20:59.095 INFO [stdout]     google_somethin_tests::google_link
Dec 03 07:20:59.095 INFO [stdout]     google_somethin_tests::google_title
Dec 03 07:20:59.095 INFO [stdout] 
Dec 03 07:20:59.095 INFO [stdout] test result: FAILED. 0 passed; 2 failed; 0 ignored; 0 measured; 0 filtered out
Dec 03 07:20:59.095 INFO [stdout] 
Dec 03 07:20:59.103 INFO [stderr] error: test failed, to rerun pass '--lib'
Dec 03 07:20:59.107 INFO [stderr] su: No module specific data is present
Dec 03 07:20:59.992 INFO running `"docker" "inspect" "79bb444913893b7a956b88335de49e61c296d616e0d980d4b0b8fbd66ae10875"`
Dec 03 07:21:00.367 INFO running `"docker" "rm" "-f" "79bb444913893b7a956b88335de49e61c296d616e0d980d4b0b8fbd66ae10875"`
Dec 03 07:21:00.655 INFO [stdout] 79bb444913893b7a956b88335de49e61c296d616e0d980d4b0b8fbd66ae10875
